 Suppose s*a - n*a = 759. Is a a composite number?
True
Suppose 19053 = 5*d + s, -3*s + 13366 = 3*d + 1927. Suppose 0 = 20*o - 14*o - d. Is o composite?
True
Let t(r) = -247*r. Let j(w) = w - 1. Let o(h) = 13*j(h) + t(h). Is o(-3) a composite number?
True
Suppose -38*y = -22*y - 54032. Is y prime?
False
Suppose 2*p + 0*p = 7660. Is (-1 - 13)*p/(-20) composite?
True
Let t(a) be the first derivative of 1/4*a**4 + a**2 + 8/3*a**3 + 8 - 2*a. Is t(-6) a composite number?
True
Is (108/(-60) - -2) + (-1023668)/(-10) a prime number?
True
Let f = -21 - -16. Let t(d) = -94*d + 17. Is t(f) prime?
True
Suppose 3*a + 1341 - 13444 = u, -2*a - 4*u = -8064. Is a a prime number?
False
Suppose -14429 - 3664 = -3*p + 2*k, 2*k = p - 6035. Is p prime?
True
Let f(m) = 16*m**2 - 2*m - 2. Suppose -2*l - 9 = -5*y, -4*l = 2*y - 17 - 1. Let d be f(y). Let s = d - 77. Is s composite?
False
Let k(f) = 9*f + 20. Let i be k(-2). Suppose -2*r = -i*o + 4*o - 3838, -5*o + 20 = 0. Is r prime?
False
Let h = 11233 - -2220. Is h a prime number?
False
Let r = -9344 + 19511. Is r composite?
True
Let z = -24 + 15. Let l be (-223)/z - 8/(-36). Let p = l - 16. Is p a prime number?
False
Suppose 1709 = -a - 579. Is 3/9 + a/(-12) a prime number?
True
Let q(o) = o**2 - 8*o - 71. Is q(38) prime?
True
Let r be (-81)/(-12)*(-5 + 1). Let i = r - -23. Is i/(-18) - (-372)/27 composite?
True
Let q(i) = -11*i**3 - 5*i**2 + 2*i - 23. Is q(-5) prime?
True
Suppose -3*g - 23863 - 14180 = -2*j, 0 = -j + 4*g + 19009. Is j a composite number?
True
Let y = 579 + -979. Let g = 1482 + y. Is g a prime number?
False
Let x(w) = 3*w**2 - 37*w - 53. Is x(-19) a prime number?
True
Suppose -11*f + 3*f + 104 = 0. Let z(w) = w**3 - 8*w**2 - 20*w + 44. Is z(f) a composite number?
True
Let v be 120/(-104) - (-4)/26. Is (-223)/(-2)*(1 - v) a composite number?
False
Suppose -4*c = -3993 - 3983. Let j = c - 1359. Suppose 5*a - j = -5*z + 675, z = -4*a + 1039. Is a composite?
True
Suppose -3*o + 18 = 3*p, -3*o + 2*o = -3*p + 6. Suppose -5*y = -o*y - 826. Suppose -3*m + y = 32. Is m a composite number?
False
Is (-10)/4*(-440432)/40 composite?
False
Let j be (-2)/3*(15 - 3). Let u be (-15)/(-60) - 46/j. Suppose 0 = -u*s + 280 + 146. Is s a composite number?
False
Suppose 6253 = 12*l - 2159. Let r = -286 + l. Is r a composite number?
True
Is (1398798/27)/((-4)/(-6)) composite?
False
Suppose 3*k + 34*k = 131165. Is k composite?
True
Let j(p) = 2*p**2 + 4*p + 4. Let q be j(-3). Suppose 3*f - 11 + 5 = 0. Suppose 2*k - q = 0, 2 = f*x - 2*k - 2. Is x a composite number?
False
Suppose 0 = -6*r + 2735 + 7087. Is r a prime number?
True
Suppose d + 3*t = 16, 12 = 2*d + 2*t - 4. Suppose -4*r - l = 2*l - 3160, 0 = d*l - 16. Is r a composite number?
False
Let c be 6*1/((-6)/(-5)). Suppose -1589 = -c*b + 2*t, 0*b + 2*b = -4*t + 626. Is b prime?
True
Let j be 1/(-1) + (-19)/(38/(-12)). Suppose -u = -6*u. Suppose 5*m - 539 = 3*w, -m + j*w + 125 - 26 = u. Is m composite?
False
Let w = 15 + -8. Let n(k) be the second derivative of k**4/6 + k**3/2 + 4*k**2 + 13*k - 2. Is n(w) a composite number?
False
Let d(v) = v**3 + 2*v**2 + 6*v + 13. Let o = 28 - 20. Is d(o) prime?
True
Suppose -196 = -9*a - 5*a. Let d(h) = 49*h - 53. Is d(a) prime?
False
Let r = -40 - -35. Is (-3203 - 2)*(18/r - -3) prime?
False
Let p(c) = 2*c**3 + 67*c**2 + 8*c + 3. Is p(-32) composite?
False
Let f(c) = 240*c - 5. Suppose -19 + 9 = -10*o. Is f(o) a prime number?
False
Let k(x) = x**3 + 6*x**2 - 13*x + 27. Is k(7) prime?
False
Let s(l) = 15*l**3 - 2*l**2 + 4*l - 2. Let c be s(2). Let p = c + -226. Let y = 167 + p. Is y a composite number?
False
Suppose 47086 = 4*g - d, -5225 - 30098 = -3*g + 5*d. Is g a prime number?
False
Is 3842683/104 - (-5 - 39/(-8)) a prime number?
False
Suppose -19*d + 51920 = 6453. Suppose -5*v = 5*b - 11265, -d - 2125 = -2*b + v. Is b a prime number?
False
Let r(h) = 268*h + 73. Is r(7) a composite number?
False
Let w(c) = -4*c + 3. Let q be w(-6). Suppose -5 = 3*a + 7. Let b = a + q. Is b composite?
False
Let t = -298 - -515. Is t a prime number?
False
Let t(m) be the second derivative of m**4/12 + m**3/6 - 3*m**2 + 3*m. Let b(g) = 2*g**2 - 5. Let j(r) = 5*b(r) - 4*t(r). Is j(4) a prime number?
True
Is (26 - 24)/((-2)/(-6007)) composite?
False
Let h(t) = 489*t**2 - 18*t + 44. Is h(3) a composite number?
False
Let c(b) = 5156*b**2 + 33*b + 3. Is c(2) prime?
True
Let j be (3/(-6))/(4/(-24)). Let l be (j - 8)*(-12)/(-10). Is (-1786)/(-12) - 1/l prime?
True
Let a be 3/(6*(-3)/780)*1. Let q = 123 - a. Is q prime?
False
Suppose 13*u = -3*w + 18*u + 51853, 2*w + 2*u = 34590. Is w prime?
True
Let c = 612 + 128. Let k = -483 + c. Is k a prime number?
True
Suppose -4*o + 2337 = y, -4*y - 4*o = -0*y - 9324. Is y prime?
False
Let b = 29 + -23. Suppose -z + 1127 = b*z. Is z composite?
True
Let c be (-6)/(-4) + (-3)/2. Suppose 3*g = -4*d + 16, c = 5*g + d - 27 - 11. Suppose -5*x = -g*x + 105. Is x a prime number?
False
Let a = 2816 + -1159. Is a a composite number?
False
Let p(z) = -3*z**3 - 6*z**2 - 11*z - 15. Is p(-7) a composite number?
False
Let s = 20617 + 3870. Is s prime?
False
Suppose 3*f + 17*a - 12533 = 16*a, -4*a - 8346 = -2*f. Is f prime?
True
Suppose 0 = 3*o + 2*o + 4540. Is 3 - (-4 - o)/(-1) a composite number?
False
Let f(a) = -a**2 + 7. Let c be f(-5). Is (c - -286)*(-10)/(-8) composite?
True
Suppose 5*s - 2157 + 772 = 0. Suppose -512 = -y - 3*y. Let o = s - y. Is o composite?
False
Let q(m) be the second derivative of 9*m**5/5 - m**4/3 - 3*m**3/2 + 15*m**2/2 - 26*m. Is q(4) composite?
True
Let w be -4 - (-4)/2 - (3 + -2). Is (3353/1)/(-2 + w + 6) a prime number?
False
Let x(m) = m**2 - 5*m + 4. Let i be x(4). Let k(g) = -g + 1. Let t be k(i). Is ((-1770)/(-5))/(t + 1) a prime number?
False
Let o = 741 + -247. Suppose -3*d + 2*f = f - o, 4*d - 3*f - 667 = 0. Is d a composite number?
False
Suppose 0 = -0*p + 5*p - 17080. Suppose -4*j + p + 212 = 0. Is j a composite number?
False
Let g = -10 - -14. Suppose g*m = 202 + 1470. Suppose -3*q + m = -q. Is q composite?
True
Let f(t) = t**2 - 7*t + 3. Let c be f(7). Suppose c*k - 105 = 2*z + z, 2*z + 144 = 4*k. Is k a prime number?
True
Let b = -41 + 45. Suppose -7*l + 4953 = -b*l. Is l a composite number?
True
Let l(z) be the first derivative of -z**3/3 - 27*z**2/2 + 11*z - 2. Let k = -94 + 82. Is l(k) a composite number?
False
Suppose 0*t - t - 2*w + 5 = 0, 5 = -5*t - 4*w. Let j(p) = -3*p**3 - p**2 + 6*p - 1. Is j(t) composite?
True
Let s be (0 - 1/(-1)) + 1. Let w be -14 + s - (-4 - 0). Is (-1100)/w - (-6)/4 prime?
True
Suppose 3*c - 2*k - 9 = 0, 0*k - 5*k + 3 = c. Let b be 1*(c - (-3 - -27)). Is -1*7/(b/45) composite?
True
Let w(q) = -199*q**3 - 93*q**3 + 18 - 17. Suppose r = 5*n + 10, 0 = -n - 0*n - 3*r + 14. Is w(n) composite?
False
Let s(t) = t**2 + 11*t - 19. Let q be s(-13). Suppose q*k = 5*k. Let d(f) = -f**2 + f + 49. Is d(k) prime?
False
Let d(b) = b - 9. Let j be d(13). Suppose -j*m + 68 - 4 = 0. Let u = -14 + m. Is u prime?
True
Let z(d) = d**3 - 10*d**2 - 6. Let w = 12 + -2. Let c be z(w). Is (-2 + c)/(-2) - -265 composite?
False
Let g(t) = -20*t - 67. Is g(-9) a prime number?
True
Let g(s) = -s**2 - 3*s + 3. Let m be g(-4). Let y(t) = -8057*t**3 + 3*t**2 + 3*t. Is y(m) a prime number?
False
Suppose 84431 = 24*q - 26665. Is q a prime number?
False
Suppose 0 = -521*i + 522*i - 33661. Is i a prime number?
False
Suppose 0 = -9*c + 23796 + 10422. Is c a composite number?
True
Let v(i) = i - 9. Let b be v(13). Suppose -b*l - n = 5, 6*n = 4*l + n - 25. Suppose 3*q - 1137 = -l*q. Is q a prime number?
True
Suppose -38*f + 35*f = -5*s - 3531, -5*f + 5885 = 2*s. Is f a composite number?
True
Let n(i) = -77*i**3 - 9*i + 13. Let b(u) = 26*u**3 + 3*u - 4. Let y(v) = -11*b(v) - 4*n(v). Is y(7) a composite number?
False
Is 33468/(-60)*-5*1 composite?
False
Let c(s) = 3*s**3 - 44*s**2 - 17*s + 23. Is c(22) a composite number?
True
Suppose -3*v = -s + 19 - 484, -s = 0. Let c = -28 + v. Is c composite?
False
Suppose 154 = -2*m - 116. Let n = 28 - m. Is n prime?
True
Let m be (21/15)/((-1)/(-5)). Let t(s) = 2*s**3 - 7*s**2 - 4*s - 8. Is t(m) a composite number?
False
Suppose -9*d + 13342 = -4*d - y, 3*d - 2*y = 8001. Is d composite?
True
Let i be ((-4)/((-20)/(-5)))/(-1). Is i/((-4)/(-636) - 0) a comp